
Is 55 a factor of 893665?
False
Does 778 divide 1132768?
True
Is 353 a factor of 314876?
True
Is 74021 a multiple of 7?
False
Is 18 a factor of 784656?
True
Is 384957 a multiple of 170?
False
Is 1182324 a multiple of 54?
False
Does 92 divide 507840?
True
Is 329805 a multiple of 8?
False
Is 60 a factor of 173819?
False
Is 21 a factor of 154224?
True
Does 443 divide 524112?
False
Is 144274 a multiple of 179?
True
Does 598 divide 1518322?
True
Is 117 a factor of 142974?
True
Is 84 a factor of 2682288?
True
Is 55187 a multiple of 29?
True
Does 30 divide 741300?
True
Is 11840775 a multiple of 15?
True
Is 16 a factor of 24757456?
True
Does 6 divide 154187?
False
Is 8 a factor of 228168?
True
Is 3 a factor of 9223?
False
Is 13 a factor of 624?
True
Is 9 a factor of 579393?
True
Is 311 a factor of 833293?
False
Is 992988 a multiple of 48?
False
Is 66 a factor of 191004?
True
Does 20 divide 892460?
True
Is 10526012 a multiple of 1484?
True
Is 676 a factor of 976806?
False
Is 100 a factor of 225900?
True
Does 66 divide 716430?
True
Does 54 divide 475956?
True
Is 14025 a multiple of 75?
True
Does 10 divide 53702?
False
Does 7 divide 4430?
False
Does 21 divide 1138956?
True
Is 5 a factor of 1269030?
True
Is 102 a factor of 1210230?
True
Is 164 a factor of 2984472?
True
Is 463536 a multiple of 464?
True
Is 4218856 a multiple of 5?
False
Does 10 divide 2258958?
False
Does 75 divide 219075?
True
Is 103204 a multiple of 15?
False
Is 157 a factor of 1064797?
False
Is 30 a factor of 4310670?
True
Is 12 a factor of 8353?
False
Is 136890 a multiple of 65?
True
Is 340 a factor of 2597600?
True
Is 277 a factor of 24837759?
True
Does 24 divide 147816?
True
Is 53352 a multiple of 145?
False
Is 590940 a multiple of 105?
True
Is 21 a factor of 74527?
False
Does 5 divide 481346?
False
Is 3783780 a multiple of 26?
True
Is 37 a factor of 45584?
True
Is 624105 a multiple of 405?
True
Is 4654 a multiple of 13?
True
Is 13 a factor of 3594383?
True
Is 18 a factor of 673488?
True
Does 33 divide 429726?
True
Is 1231040 a multiple of 16?
True
Does 110 divide 2473562?
False
Is 9 a factor of 8607292?
False
Does 22 divide 168888?
False
Is 314 a factor of 889320?
False
Is 241000 a multiple of 105?
False
Does 120 divide 1189920?
True
Is 167 a factor of 6597538?
False
Is 6 a factor of 1969539?
False
Does 31 divide 821?
False
Is 17 a factor of 132185?
False
Is 14636626 a multiple of 17?
True
Is 82699 a multiple of 7?
False
Does 223 divide 176839?
True
Is 195480 a multiple of 5?
True
Is 8765864 a multiple of 28?
False
Is 19476016 a multiple of 848?
True
Is 458342 a multiple of 138?
False
Does 22 divide 635448?
True
Does 129 divide 108876?
True
Is 1074322 a multiple of 3?
False
Is 494208 a multiple of 144?
True
Is 109642 a multiple of 14?
False
Is 5579054 a multiple of 26?
True
Does 29 divide 725?
True
Does 431 divide 187054?
True
Is 43160 a multiple of 19?
False
Is 26 a factor of 1997219?
False
Is 304810 a multiple of 187?
True
Is 137 a factor of 414751?
False
Is 218 a factor of 4861617?
False
Is 596970 a multiple of 270?
True
Is 1059 a multiple of 206?
False
Is 46 a factor of 5059102?
False
Does 23 divide 586270?
True
Does 32 divide 653854?
False
Is 5248100 a multiple of 16?
False
Does 316 divide 298530?
False
Is 143493 a multiple of 21?
True
Is 972 a factor of 4840589?
False
Is 128 a factor of 1125125?
False
Is 3756976 a multiple of 16?
True
Is 56 a factor of 3106432?
True
Is 7 a factor of 1499253?
True
Does 27 divide 37071?
True
Does 33 divide 673398?
True
Is 2 a factor of 543?
False
Is 13210266 a multiple of 142?
False
Is 2498189 a multiple of 172?
False
Is 17 a factor of 1550230?
True
Is 1118794 a multiple of 8?
False
Is 675 a factor of 1055039?
False
Is 15 a factor of 2481332?
False
Is 637193 a multiple of 40?
False
Is 3127020 a multiple of 156?
True
Does 76 divide 8261808?
True
Does 15 divide 3100470?
True
Is 13 a factor of 248690?
True
Is 144795 a multiple of 245?
True
Is 164 a factor of 2040276?
False
Does 114 divide 331968?
True
Is 3 a factor of 5679264?
True
Is 151980 a multiple of 20?
True
Is 20208 a multiple of 12?
True
Does 4 divide 848436?
True
Does 530 divide 235320?
True
Does 117 divide 705469?
False
Does 14 divide 8698?
False
Is 279 a factor of 32582?
False
Is 3345082 a multiple of 1176?
False
Is 10 a factor of 4278040?
True
Is 1030470 a multiple of 21?
True
Does 205 divide 1150460?
True
Is 44 a factor of 3306625?
False
Is 56700 a multiple of 27?
True
Is 16877175 a multiple of 1037?
True
Does 951 divide 29954448?
False
Is 368 a multiple of 8?
True
Is 147488 a multiple of 16?
True
Is 6 a factor of 234006?
True
Does 620 divide 1860?
True
Is 29 a factor of 13252188?
True
Does 184 divide 303048?
True
Does 10 divide 633730?
True
Does 455 divide 706160?
True
Does 557 divide 57647?
False
Is 246 a factor of 583129?
False
Is 33 a factor of 560451?
False
Is 120025 a multiple of 18?
False
Does 2 divide 3380583?
False
Is 114 a factor of 2094447?
False
Is 552 a factor of 8137032?
True
Does 21 divide 129927?
True
Is 13 a factor of 4597539?
False
Is 9 a factor of 543916?
False
Does 2991 divide 27023685?
True
Is 229908 a multiple of 322?
True
Is 647 a factor of 1692157?
False
Is 37 a factor of 4524212?
True
Is 25 a factor of 241825?
True
Is 1406019 a multiple of 71?
False
Is 2334115 a multiple of 245?
True
Is 1857552 a multiple of 15?
False
Is 150 a factor of 120000?
True
Does 554 divide 478203?
False
Is 5189157 a multiple of 790?
False
Is 496006 a multiple of 14?
True
Is 30079 a multiple of 50?
False
Does 18 divide 10298898?
True
Does 172 divide 103182?
False
Is 4 a factor of 164960?
True
Is 12780649 a multiple of 217?
True
Is 24 a factor of 454763?
False
Is 19834776 a multiple of 39?
True
Does 40 divide 784444?
False
Is 747403 a multiple of 861?
False
Is 486466 a multiple of 12?
False
Is 180 a factor of 122760?
True
Is 25 a factor of 59366?
False
Does 948 divide 3196656?
True
Does 5 divide 5428?
False
Does 26 divide 291282?
False
Is 28 a factor of 656544?
True
Is 49536 a multiple of 43?
True
Does 116 divide 330020?
True
Does 49 divide 1588090?
True
Is 280018 a multiple of 291?
False
Is 2803934 a multiple of 111?
False
Is 34 a factor of 6335750?
False
Does 15 divide 313261?
False
Is 106050 a multiple of 21?
True
Is 145994 a multiple of 110?
False
Is 19 a factor of 35023083?
False
Does 72 divide 3266778?
False
Does 87 divide 414382?
False
Does 254 divide 12978638?
True
Does 3 divide 60345?
True
Is 17760 a multiple of 80?
True
Is 145416 a multiple of 249?
True
Does 6 divide 229569?
False
Is 441518 a multiple of 854?
True
Is 12 a factor of 1852152?
True
Is 17 a factor of 40001?
True
Does 173 divide 290294?
True
Does 63 divide 226611?
True
Does 40 divide 6464419?
False
Is 8136542 a multiple of 1877?
False
Is 241 a factor of 416207?
True
Is 28 a factor of 8907240?
False
Does 264 divide 184385?
False
Is 275625 a multiple of 453?
False
Does 22 divide 179762?
True
Does 230 divide 1630928?
False
Is 30712 a multiple of 4?
True
Is 816396 a multiple of 7?
True
Is 268 a factor of 48977?
False
Is 175 a factor of 384830?
False
Does 621 divide 1514619?
True
Is 61 a factor of 5328659?
False
Does 102 divide 663816?
True
Is 380 a factor of 19330645?
False
Does 4 divide 1071988?
True
Is 24843 a multiple of 95?
False
Is 33 a factor of 5280310?
False
Does 610 divide 1074820?
True
Is 139200 a multiple of 60?
True
Is 619745 a multiple of 7?
True
Is 10 a factor of 196963?
False
Does 13 divide 140689?
False
Is 59 a factor of 144668?
True
Does 5 divide 112537?
False
Does 63 divide 96114?
False
Is 251 a factor of 300928?
False
Does 39 divide 5374473?
True
Is 696 a factor of 157296?
True
Is 70448 a multiple of 4?
True
Is 18713 a multiple of 74?
False
Does 45 divide 15473790?
True
Does 44 divide 4285485?
False
Is 15370 a multiple of 53?
True
Does 73 divide 285795?
True
Is 28 a factor of 228053?
False
Is 84 a factor of 19873?
False
Does 29 divide 93040?
False
Is 99 a factor of 772208?
False
Is 1647760 a multiple of 80?
True
Is 621 a factor of 384334?
False
Is 92 a factor of 84364?
True
Is 183089 a multiple of 141?
False
Is 589654 a multiple of 12?
False
Is 396000 a multiple of 375?
True
Does 20 divide 734981?
False
Is 16 a factor of 88400?
True
Is 2376567 a multiple of 116?
False
Is 802071 a multiple of 539?